k - 7*n - 3, 3*n + 3 = k. Let w(a) = -a + 10 - 1 + 3. What is w(k)?
12
Suppose 0 = -5*s + 4*s - 46. Let b be s/(-14) - (-4)/(-14). Let u(v) = 4*v - 2. Let c(p) = 2*p - 1. Let l(z) = 13*c(z) - 6*u(z). What is l(b)?
5
Let o(a) = 3*a. Let c(p) = -p**2 + 2*p + 1. Let t be c(4). Let y(f) = -4*f - 4. Let j be y(t). Suppose 5*z - 4*v = j, 3*v = 2*z - 6 - 5. What is o(z)?
12
Let m(d) be the first derivative of -d**6/120 + d**5/60 + 5*d**4/24 - d**3/3 - 19*d**2/2 - 5. Let y(n) be the second derivative of m(n). Give y(3).
-5
Let k = -48 - -95. Let z = k - 54. Let d(f) = f - 1. Determine d(z).
-8
Let f(d) = -d**3 - 8*d**2 - 6*d. Let b(g) = -6*g + 3. Let q(s) = 5*s - 2. Let p(r) = 6*b(r) + 7*q(r). Let u be p(10). Let i be 3 - -3*20/u. Give f(i).
-7
Let g(x) = -34*x + 171. Let i be g(5). Let o(f) = -2*f**2 + f + 1. Determine o(i).
0
Let u(v) = -v**2 + v. Suppose -14 = -5*r + 1. Suppose 2*m = -r*i + 16 + 5, 5*m + 5*i - 40 = 0. Suppose 0 = m*t - 0*t. Give u(t).
0
Let d(f) be the first derivative of f**3/3 - 3*f**2/2 - 2*f + 28. Calculate d(-1).
2
Let a(t) = t**3 + 7*t**2 + 5*t + 5. Let s(l) = l**2 + 15*l + 1. Let f be s(-6). Let v = f - -47. Give a(v).
11
Let r(o) = -o + 1. Let q be 864/56 + (-4)/(-7). Suppose c = -c + q. Give r(c).
-7
Let n(u) = 2*u + 5. Let a(w) = -w**3 + 8*w**2 - 10*w - 7. Let o be a(6). Let z be 5*5/(o/(-1)). Give n(z).
-5
Let x(m) = 7*m**3 + 9*m**2 - 10*m + 8. Let p(c) = 10*c**3 + 9*c**2 - 10*c + 7. Let w(h) = -2*p(h) + 3*x(h). Calculate w(-10).
10
Let y(k) = k**3 - 8*k**2 + 9*k + 9. Let h = 11 + -3. Suppose 10*i - 14 = h*i. Give y(i).
23
Let n = 8 - 1. Let v be (3/(-2))/(2/(-8)). Let m = v - n. Let u(q) = -3*q**2 - 2*q - 1. Calculate u(m).
-2
Let a = -13 + 9. Let z(g) = 2 - 9*g - 2*g - 2*g + 11*g. Calculate z(a).
10
Let p(m) be the third derivative of m**5/60 + 19*m**4/24 + 5*m**3/2 + 11*m**2. Let g be p(-18). Let f(v) = -v**3 - 4*v**2 - 2*v - 2. Give f(g).
-5
Suppose 12 = 4*b + 4*k, -2*b - 4*k + 0*k + 4 = 0. Let l be (-21 + 4)*1 + b. Let g = 17 + l. Let d(c) = -c**3 + 5*c**2 + c - 5. Determine d(g).
15
Suppose -u + 12 = -2*f - 5, -f = 5*u - 19. Let b(d) = -7*d - 6. What is b(f)?
36
Let b(y) = -y**3 + 4*y**2 + 6*y - 6. Let g(p) = 3*p - 8. Let q be (8/2)/(1 + 0). Let a be g(q). Give b(a).
18
Let b(z) = -2 - z**3 + 0 + 5*z**2 + 6*z - 4*z. Let f(c) = -22*c**2 + 1. Let l be f(-1). Let u be 66/14 + (-6)/l. Determine b(u).
8
Let o(w) = w + 2. Let x(b) = b**2 - 3*b - 14. Let h be x(8). Let n = h - 32. Give o(n).
-4
Let q(g) be the third derivative of 0*g**3 + 9*g**2 + 0 + 1/12*g**5 + 0*g**4 + 0*g. Determine q(1).
5
Let m(c) be the first derivative of -10*c**3/3 - c**2/2 - 2*c + 796. Calculate m(2).
-44
Let x be 12/(-16) - 108/(-16). Let g(r) = -r**3 + 0*r**2 + x*r + 3*r**2 - 8 + 2*r**2 + 0*r**2. Let c(p) = p**3 + 10*p**2 - 11*p + 6. Let i be c(-11). Give g(i).
-8
Let g(j) = -j**2 - 8*j - 8. Let x be (90/27 - 2)*-6. Determine g(x).
-8
Let l(b) = -b - 3. Let v be 8/40 + (-381)/5. Let d = v + 81. Give l(d).
-8
Let x = -88 - -91. Let r(f) be the second derivative of -1/3*f**x - 3*f**2 + 6*f + 0. What is r(-4)?
2
Let i(h) = 3*h - 5. Let y(p) = 7*p - 10. Let m = 6 + -1. Let d(q) = m*i(q) - 2*y(q). Suppose -2*t + 3 = v, -3*t + 0*t - 3*v - 3 = 0. Calculate d(t).
-1
Let w be (4/5)/(2*(-6)/90). Let y(m) = -2*m**2 - 9*m - 9. Give y(w).
-27
Let q(m) = 2*m + 1. Suppose -4 + 19 = 5*s. Suppose -s*f = -f - 12. Let a be 4 - 0/(f/(-2)). Determine q(a).
9
Let h(o) = 7*o**3 + 5*o**2 + 22*o - 16. Let w(l) = 2*l**3 + l**2 + 6*l - 4. Let f(k) = -3*h(k) + 11*w(k). Give f(4).
4
Let z(l) = -3*l**2 - 2*l - 21. Let n(q) = 7*q**2 + 4*q + 41. Let s(u) = 2*n(u) + 5*z(u). Let f(k) be the first derivative of s(k). Determine f(2).
-6
Let o be -6 + 4 + 3 + (-30)/1. Let z = o + 23. Let u(n) = 2*n**2 + 7*n - 8. What is u(z)?
22
Suppose 51 = 6*i - 9. Let g(y) be the third derivative of -i*y**2 - 5/24*y**4 - 1/6*y**3 + 0*y + 0. Determine g(2).
-11
Let b(l) = 35*l**2 + 4*l - 1. Let o(x) = -70*x**2 - 7*x + 2. Let v(t) = 7*b(t) + 4*o(t). What is v(-1)?
-34
Let d(y) be the third derivative of -y**8/6720 + y**7/280 - 7*y**6/720 - y**5/24 + y**4/24 - 39*y**2. Let t(b) be the second derivative of d(b). Calculate t(8).
3
Let o(m) = -7*m**2 + 62 + m**2 - 15*m + 6*m**2 - 2*m**2 - 57. What is o(-8)?
-3
Let l(k) = -4*k**2 + 2*k + 2. Suppose -21 = 5*p - 3*p + 5*v, -4*v - 18 = p. Let y(i) = 21*i**2 - 11*i - 11. Let j(r) = p*y(r) + 11*l(r). Give j(-1).
-2
Let w(l) = -l - 1. Let a(v) = -5*v - 11. Let o = 22 - 23. Let u(c) = o*a(c) + 6*w(c). Let n be (-2)/(-8)*2*0. Calculate u(n).
5
Let m = -2 + -5. Let u = -5 - m. Let b(v) = v**2 + 1 + 0 - u - 3 + 7*v. Determine b(-6).
-10
Let k(y) be the second derivative of 1/360*y**6 + y + 0 + 0*y**2 - 1/6*y**4 + 1/24*y**5 + 0*y**3. Let q(o) be the third derivative of k(o). Determine q(-4).
-3
Let c = -17 - -17. Suppose 21*t + 4 = 22*t. Let o(y) = 5*y - 13. Let v(x) = 6*x - 14. Let b(p) = t*v(p) - 5*o(p). What is b(c)?
9
Let p(q) = -54*q - 162. Let h be p(-3). Let a(x) be the first derivative of 6*x - 8 + 1/4*x**4 - 8/3*x**3 + h*x**2. Calculate a(8).
6
Let w(x) = -2*x**2 - 9*x - 1. Suppose -16*z - 11 + 43 = 0. Suppose 12 = -p - 2*p, -z*y = -3*p. What is w(y)?
-19
Let j(f) = f**2 + 8*f - 11. Suppose -1 = -5*y + 2*q - 54, -q = -4. Give j(y).
-2
Let c be -8*1 + (-2 - -4). Suppose -8 = -3*f - 4*h, 17 + 8 = 5*f - 5*h. Let p(v) = 6 + 3*v**2 + f*v**3 + 6*v**2 - 3*v**2 - 3*v**3. Calculate p(c).
6
Suppose -4 = 2*k - 18. Suppose -14 = -4*n + 6. Let v(t) = 4*t**2 - 10*t + 9. Let l(u) = -7*u**2 + 20*u - 17. Let w(m) = n*v(m) + 3*l(m). Give w(k).
15
Suppose -2*z - z + 5*k = 11, -z - 3*k = -15. Let w(x) = -2*x**3 + 8*x**2 + 33*x + 3 - 31*x + 2*x**z + x**3. What is w(-8)?
-13
Let u(q) be the first derivative of -3 + q - 1/6*q**3 + q**2. Let o(p) be the first derivative of u(p). Determine o(-2).
4
Let w(c) = 3*c + 12. Let p(y) = 3*y + 14. Let b(q) = -3*p(q) + 4*w(q). Suppose -j = 3*j - 120. Suppose 5*z + d = -j, 4*z + 0*z + 3*d = -35. Give b(z).
-9
Let f(v) = -3*v. Suppose 0 = -2*t + u - 11, -5*t - 5*u = -6*u + 29. Let h(k) = 19*k + 1. Let w(d) = t*h(d) - 39*f(d). What is w(5)?
9
Suppose 59*o = 60*o - 5. Let u(i) = i**2 - 5*i + 4. Calculate u(o).
4
Let u = -3 + 2. Suppose -11*f - 12 = -14*f. Let o(d) = -3*d**3 + 6*d**2 - 1. Let p(r) = -r**3 + r**2 + r. Let g(b) = f*p(b) + u*o(b). What is g(-4)?
17
Let i(q) = -4*q + 5. Let c(b) = -3*b - b**2 + 10*b**2 - 4*b**2 + 4 - 4*b**2. Let d(t) = -4*c(t) + 3*i(t). Calculate d(-2).
-17
Let u(p) = p**2 + 6*p - 5. Let g = -46 - -50. Suppose 3*j + g = c + 12, -c + 2*j = 7. Determine u(c).
-10
Let k = -1 + 1. Let n = -167 - -169. Let z(c) = -n*c - 152 + c**3 + 152 - c**2 + 3*c. Calculate z(k).
0
Let o(p) = 3*p + 8. Let j(z) = 5*z + 16. Let h(b) = -4*j(b) + 7*o(b). Let r = 11 - 6. Let l be h(r). Let c(a) = -a. Calculate c(l).
3
Let f(t) = 4*t**2 - t - 3. Let s(q) = -12*q**2 + 3*q + 9. Let x(z) = -11*f(z) - 4*s(z). Let g(l) = 3*l**2 - l - 3. Let p(d) = -3*g(d) + 2*x(d). Determine p(0).
3
Let b(v) = v + 5*v - 5*v - 5. What is b(-6)?
-11
Let f(w) = -w**3 + 2*w**2 + 3*w - 2. Let n be -7 - (0 + 1 + 0). Let c(h) = -h - 16. Let k be c(n). Let u be 12/(-18) + k/(-3). Determine f(u).
4
Let v(b) be the first derivative of -1/4*b**4 + 7/2*b**2 + 5/3*b**3 - 4 + 0*b. What is v(6)?
6
Let u(r) = -9*r - 40. Let f be u(-9). Suppose -44 = -d - f. Let y(n) = 3*n + 2. Give y(d).
11
Let o = 11 + -8. Let c(y) = 4*y**2 + 6*y + 1. Let m(i) = 9*i**2 + 14*i + 1. Let w(n) = 7*c(n) - 3*m(n). Give w(o).
13
Let g(y) = -y**2 + 8*y - 11. Suppose 5*f - 22 = -6*f. Let m(v) = -4*v**2 + 25*v - 33. Let l(d) = f*m(d) - 7*g(d). Calculate l(-8).
-5
Let c(w) = 21790*w - 2*w**3 + 3*w**2 + w**3 - 21781*w + 1. Determine c(5).
-4
Let t(n) = -n + 6. Suppose 0 = -2*i - 2, 4*c + 3*i = 13. Suppose 0 = -6*f + 3*f + 21. Suppose -f*u + 6*u = -c. Determine t(u).
2
Let o(t) = -5*t**3 - 2*t**2 + t + 1. Suppose -2*i - 5*s + 17 = -5*i, 5*s = 20. What is o(i)?
-5
Let l(a) = 4*a - 6. Suppose 0 = 8*j - 3*j + 35. Let t(f) = 4 + 2*f + 8 - 5*f - 6*f. Let d(h) = j*l(h) - 3*t(h). What is d(0)?
6
Let b(f) = -29*f**2 + 8*f + 3 + 0 + 57*f**2 - 30*f**2. Calculate b(6).
-21
Let s(g) = -77*g + 235. Let n be s(3). Let d(l) = l - 19. Give d(n).
-15
Let h(m) = -10*m**2 + m - 1. Suppose 0 = -27*v + 19*v + 8. What